 - 13*d**2 + 16*d + 56. What is k(-14)?
28
Let j(v) = v**2 - 16*v + 4. Determine j(16).
4
Let t(a) = 42*a - 15. Calculate t(1).
27
Let y(k) = 2*k**2 + k - 5. Calculate y(-4).
23
Let o(b) = -2*b - 15. What is o(-13)?
11
Let d(q) = -q**2 - q + 9. What is d(5)?
-21
Let i(m) = 3*m**3 - 27*m**2 - m + 13. Give i(9).
4
Let d(q) = q**3 - 16*q**2 + 11*q + 16. Calculate d(15).
-44
Let x(j) = j**3 - 13*j**2 + 13*j + 5. Determine x(12).
17
Let m(g) = -g**2 - 2*g + 23. Determine m(-7).
-12
Let j(f) = f**2 - 6*f + 10. Determine j(4).
2
Let p(q) = 34*q**3 - 2*q**2 - 2*q - 1. What is p(-1)?
-35
Let u(m) = -m**3 - 13*m**2 - 13*m - 15. Give u(-12).
-3
Let q(t) = t**3 + 4*t**2 + 23. What is q(-5)?
-2
Let c(h) = -53*h. Calculate c(3).
-159
Let b(r) = -r + 7. Determine b(8).
-1
Let m(a) = a**3 - 5*a**2 + 6*a - 2. Calculate m(5).
28
Let l(h) = 13*h - 2. What is l(-2)?
-28
Let d(f) = -210*f + 2. Determine d(0).
2
Let y(i) = -i**3 + 3*i**2 + 3*i + 6. Give y(4).
2
Let k(t) = -3*t + 18. Determine k(8).
-6
Let n(t) = -t**2 - 24*t + 17. Calculate n(-25).
-8
Let x(n) = -38*n - 380. Calculate x(-10).
0
Let a(z) = z**3 + 21*z**2 - 3*z - 67. What is a(-21)?
-4
Let c(y) = -y**3 + 7*y**2 - 2*y + 7. What is c(7)?
-7
Let a(x) = -x**2 + 12*x - 23. Determine a(10).
-3
Let n(p) = p**3 - 13*p**2 + 27*p + 41. Determine n(10).
11
Let i(x) = 2*x + 3. Give i(4).
11
Let g(m) = m**2 - 175*m + 516. Give g(3).
0
Let s(i) = -i**3 + 6*i**2 - 3*i - 6. Calculate s(5).
4
Let n(y) = -y + 5. What is n(6)?
-1
Let w(s) = s**2 + 7*s + 6. Determine w(-4).
-6
Let f(k) = -k + 29. Give f(0).
29
Let s(q) = -q**3 - 7*q**2 + 7*q - 8. Determine s(-8).
0
Let s(p) = 2*p**2 + 3*p - 36. Calculate s(-5).
-1
Let x(c) = 3*c + 6. What is x(-2)?
0
Let v(d) = 7*d**2 - 4*d + 3. Calculate v(2).
23
Let w(y) = y**3 + 16*y**2 + 17*y + 27. Give w(-15).
-3
Let w(i) = i**3 - 8*i**2 - 8*i. What is w(9)?
9
Let n(a) = -3*a - 30. Determine n(-10).
0
Let g(t) = -t**3 - 3*t**2 - t + 5. Give g(-4).
25
Let v(i) = -i**2 + 6*i - 36. Determine v(0).
-36
Let k(b) = b**2 + 25*b + 103. What is k(-5)?
3
Let w(t) = -t - 12. Determine w(-17).
5
Let g(z) = -z**3 - 16*z**2 - 14*z + 8. What is g(-15)?
-7
Let y(v) = -v**3 + 14*v**2 + 15*v - 14. Calculate y(15).
-14
Let p(b) = -b**3 - 5*b**2 - 2. Determine p(-3).
-20
Let o(n) = -n**3 - 6*n**2 + 7*n + 7. Determine o(-7).
7
Let d(s) = -5*s + 10. Calculate d(6).
-20
Let k(u) = -3*u**3 + 2*u**2 + 2*u + 5. Give k(4).
-147
Let p(z) = 12*z**3 - z**2 + 1. Give p(1).
12
Let y(w) = w**2 - 12. What is y(-7)?
37
Let f(j) = j**2 + 4*j - 59. Give f(-10).
1
Let l(k) = -13*k + 7. Determine l(-4).
59
Let g(j) = 2*j + 30. What is g(-10)?
10
Let b(g) = 2*g**2 - 21*g + 8. Give b(10).
-2
Let b(g) = -g**3 + 7*g**2 - g - 1. Calculate b(7).
-8
Let x(q) = 2*q + 1. Give x(4).
9
Let q(p) = 53*p - 49. Calculate q(1).
4
Let i(l) = -l**3 - l + 2. What is i(1)?
0
Let z(m) = 2*m - 25. What is z(0)?
-25
Let j(i) = -i**2 + 12*i + 15. Determine j(11).
26
Let c(i) = -i**2 + 4*i + 6. Give c(6).
-6
Let t(l) = -10*l - 90. What is t(-7)?
-20
Let g(f) = f**2 - 15*f + 57. Calculate g(9).
3
Let m(r) = -2*r**2 + 2*r + 4. Calculate m(-2).
-8
Let i(q) = 3*q**2 - 6*q + 7. Give i(4).
31
Let l(j) = -j**2 + 3*j + 8. What is l(6)?
-10
Let y(m) = -m - 20. Give y(-17).
-3
Let v(d) = d**3 + 9*d**2 + 9*d + 3. What is v(-8)?
-5
Let t(f) = f - 16. Determine t(18).
2
Let o(c) = 2*c**2 + c - 8. Calculate o(4).
28
Let a(x) = -2*x**3 - 23*x**2 + 19*x + 53. Determine a(-12).
-31
Let l(u) = -16*u + 100. Give l(6).
4
Let s(u) = u**2 + 4*u - 14. Calculate s(-6).
-2
Let b(f) = -f**3 - 5*f**2 - 8*f - 7. What is b(-3)?
-1
Let y(a) = -4*a - 5. Determine y(6).
-29
Let v(k) = -k**3 + 2*k**2 + 2*k + 11. Calculate v(0).
11
Let q(z) = z. Calculate q(4).
4
Let i(v) = v + 9. Determine i(6).
15
Let g(p) = 2*p - 39. Calculate g(30).
21
Let y(v) = 4*v - 12. Determine y(5).
8
Let f(z) = -11*z**3 + z**2 + 7*z. Calculate f(3).
-267
Let u(t) = 2*t + 14. Determine u(-3).
8
Let x(b) = b**2 - 3*b - 2. What is x(3)?
-2
Let i(v) = -2*v**2 - 2*v + 2. Calculate i(-2).
-2
Let m(k) = k**3 - 15*k**2 + k - 10. Calculate m(15).
5
Let h(r) = -r**3 - 13*r**2 + 17*r - 10. What is h(-14)?
-52
Let l(j) = j**2 - j + 2. Calculate l(3).
8
Let i(l) = -l**3 + 5*l**2 - 12*l. What is i(7)?
-182
Let l(u) = u**3 - 7*u**2 + 4*u + 3. Calculate l(4).
-29
Let y(t) = -3*t + 17. Calculate y(5).
2
Let o(q) = -75*q + 3. Calculate o(1).
-72
Let f(j) = -j**3 + 2*j. Determine f(2).
-4
Let r(t) = 10*t + 4. What is r(3)?
34
Let q(n) = 6*n + 25. Calculate q(-4).
1
Let k(w) = -3*w - 44. Calculate k(-23).
25
Let m(s) = -s**3 + 15*s**2 - 6*s + 76. What is m(15)?
-14
Let f(v) = -v**2 + 4*v + 1. Calculate f(3).
4
Let b(q) = 9*q**2 - 72*q + 8. Give b(8).
8
Let x(s) = -8*s - 53. Give x(-7).
3
Let p(i) = -42*i**2 + 2*i - 1. What is p(1)?
-41
Let s(z) = 11*z + 63. Give s(-11).
-58
Let n(a) = -47*a - 321. What is n(-7)?
8
Let r(u) = -2*u**2 - 4*u - 3. Give r(-2).
-3
Let d(r) = 3*r - 25. Determine d(7).
-4
Let x(b) = -b - 32. Calculate x(-27).
-5
Let j(b) = 5*b - 5. Determine j(1).
0
Let z(u) = u**2 - 10*u + 6. Give z(14).
62
Let u(b) = -b**2 - 1. Give u(3).
-10
Let a(q) = q**2 - 5*q - 9. Determine a(8).
15
Let l(k) = k**2 - 9*k - 13. Give l(11).
9
Let h(g) = g**3 - 15*g**2 + 15*g - 17. Give h(14).
-3
Let y(r) = -r**3 - 5*r**2 + 7*r + 1. Give y(-6).
-5
Let r(j) = -18*j - 13. Determine r(3).
-67
Let x(s) = s**3 + 20*s**2 + 23*s + 74. Calculate x(-19).
-2
Let r(w) = -4*w**2 + 16*w - 11. Determine r(6).
-59
Let s(y) = -y**3 + 7*y**2 - 5*y - 2. Calculate s(6).
4
Let i(c) = -c**2 + 11. Give i(0).
11
Let z(p) = -13*p + 41. Give z(-9).
158
Let w(p) = -p**3 + p**2 - 54. Give w(0).
-54
Let i(m) = -m + 5. Determine i(5).
0
Let y(r) = -r**2 - 10*r - 7. Calculate y(-8).
9
Let n(b) = -7*b - 50. Determine n(-6).
-8
Let x(o) = o**2 - 19*o - 39. Calculate x(21).
3
Let x(g) = -115*g**2 - g + 3. Calculate x(1).
-113
Let r(n) = -2*n + 29. Determine r(28).
-27
Let t(o) = o**2 + 23*o - 8. What is t(-24)?
16
Let s(k) = 15*k - 57. Give s(6).
33
Let d(s) = -s - 7. What is d(-1)?
-6
Let h(x) = -2*x**2 + 6*x + 26. Give h(5).
6
Let v(j) = 3*j - 11. Determine v(5).
4
Let u(o) = -7*o**3 - o**2. Give u(1).
-8
Let k(n) = n**2 - 33*n - 71. Determine k(35).
-1
Let o(k) = -k**3 + 2*k**2 + 6*k - 5. Determine o(4).
-13
Let z(b) = -19*b + 168. Give z(9).
-3
Let w(x) = -x**3 + 6*x**2 - 2*x + 7. Determine w(5).
22
Let o(d) = d**2 + 3*d - 16. Calculate o(-6).
2
Let n(d) = -9*d - 6. What is n(-3)?
21
Let j(n) = 12*n + 17. Calculate j(-2).
-7
Let l(z) = -15*z**2 + 2*z + 1. Determine l(2).
-55
Let x(l) = -l**3 - 7*l**2 - 3*l + 24. Calculate x(-5).
-11
Let i(a) = a**2 + 34*a + 179. Calculate i(-28).
11
Let b(h) = 19*h**3 - 4*h - 3. What is b(-1)?
-18
Let g(q) = -q**2 - 23*q - 90. What is g(-18)?
0
Let f(y) = -y**2 - 22*y - 55. What is f(-19)?
2
Let n(m) = m**3 + 6*m**2 - 6*m - 2. What is n(-7)?
-9
Let m(j) = -j**2 - 7*j. Give m(-6).
6
Let a(o) = -2*o**2 + 31*o + 11. Determine a(16).
-5
Let a(i) = -i**3 + 14*i**2 - 23*i - 3. Give a(12).
9
Let w(o) = 3*o - 1. Determine w(3).
8
Let u(f) = f - 7. Determine u(5).
-2
Let y(s) = -s**3 + 9*s**2 + 12*s - 25. Give y(10).
-5
Let p(q) = -q**2 + 10*q - 13. Give p(11).
-24
Let d(g) = -3*g**2 - g + 8. Calculate d(2).
-6
Let h(y) = y**3 - 18*y**2 + 14*y + 39. What is h(17)?
-12
Let c(x) = x**2 + x + 6. Determine c(-6).
36
Let n(m) = -11*m + 9. Determine n(5).
-46
Let x(v) = 10*v**2 - 5*v + 2. Calculate x(2).
32
Let k(o) = -o**3 + 9*o**2 + 11*o - 6. Give k(10).
4
Let q(v) = -v**2 - 6*v + 1. Give q(-3).
10
Let u(r) = r**3 - 10*r**2 - 2*r + 11. Calculate u(10).
-9
Let p(s) = s**3 + s**2 + s + 9. Calculate p(0).
9
Let i(k) = -k**2 - 6*k - 1. Determine i(-6).
-1
Let g(t) = -2*t**2 - 4*t + 7. What is g(-4)?
-9
Let r(l) = 4*l**2 + 3*l + 2. What is r(-4)?
54
Let u(p) = -p**2 - 23*p + 44. What is u(-25)?
-6
Let m(w) = w**2 - 2*w - 2. What is m(0)?
-2
Let t(d) = d**2 + 2*d. Determine t(-2).
0
Let l(d) = -63*d - 216. Give l(-4).
36
Let s(v) = -2*v**3 + v**2 - 5*v + 2. Determine s(3).
-58
Let w(d) = -3*d + 31. Calculate w(14).
-11
Let l(a) = a**3 + 13*a**2 - 15*a + 18. Calculate l(-14).
32
Let i(v) = -v - 1. Give i(-8).
7
Let z(f) = -2*f**2 - 20*f + 116. Calculate z(-14).
4
Let b(l) = -8*l + 2. Give b(6).
-46
Let d(t) = -t**2 - 5*t + 6. Determi